24919?
3, 67, 373
List the prime factors of 362033.
7, 51719
List the prime factors of 6130980.
2, 3, 5, 34061
What are the prime factors of 6789728?
2, 11, 19289
List the prime factors of 1379732.
2, 41, 47, 179
What are the prime factors of 2005445?
5, 13, 30853
What are the prime factors of 3663451?
11, 333041
List the prime factors of 2025672.
2, 3, 11, 7673
What are the prime factors of 3477008?
2, 217313
List the prime factors of 212243.
212243
What are the prime factors of 281427?
3, 93809
What are the prime factors of 826718?
2, 43, 9613
List the prime factors of 6662111.
23, 289657
What are the prime factors of 1203562?
2, 157, 3833
List the prime factors of 8856356.
2, 19, 116531
What are the prime factors of 601205?
5, 11, 17, 643
List the prime factors of 22712021.
22712021
List the prime factors of 16998629.
1021, 16649
What are the prime factors of 3414882?
2, 3, 601, 947
What are the prime factors of 7558694?
2, 11, 13, 19, 107
What are the prime factors of 2002513?
881, 2273
What are the prime factors of 2109829?
31, 68059
List the prime factors of 1353580.
2, 5, 67679
List the prime factors of 13454248.
2, 31, 54251
List the prime factors of 12725154.
2, 3, 13, 18127
List the prime factors of 1695115.
5, 339023
List the prime factors of 5803681.
13, 17, 26261
What are the prime factors of 6709?
6709
List the prime factors of 1634652.
2, 3, 17, 2671
What are the prime factors of 362236?
2, 7, 17, 761
What are the prime factors of 4946683?
7, 706669
What are the prime factors of 195916?
2, 7, 6997
List the prime factors of 9474333.
3, 11, 53, 5417
List the prime factors of 6284788.
2, 661, 2377
List the prime factors of 18291331.
1033, 17707
List the prime factors of 231738.
2, 3, 13, 2971
What are the prime factors of 1614661?
1614661
List the prime factors of 96412.
2, 24103
What are the prime factors of 36488?
2, 4561
List the prime factors of 990786.
2, 3, 37, 4463
What are the prime factors of 3244687?
19, 170773
What are the prime factors of 4150146?
2, 3, 7, 11, 13, 691
List the prime factors of 759996.
2, 3, 31, 227
List the prime factors of 3627212.
2, 137, 6619
List the prime factors of 7156081.
659, 10859
What are the prime factors of 187873?
7, 26839
List the prime factors of 4457752.
2, 13, 42863
What are the prime factors of 170092?
2, 13, 3271
What are the prime factors of 3118542?
2, 3, 7, 41, 1811
What are the prime factors of 2179824?
2, 3, 45413
List the prime factors of 1445.
5, 17
What are the prime factors of 2420265?
3, 5, 47, 3433
What are the prime factors of 2582313?
3, 61, 103, 137
What are the prime factors of 1571426?
2, 431, 1823
List the prime factors of 9428007.
3, 37, 157, 541
List the prime factors of 12582032.
2, 31, 25367
List the prime factors of 291490.
2, 5, 103, 283
List the prime factors of 21652851.
3, 11, 656147
What are the prime factors of 167039?
167039
List the prime factors of 344047.
11, 31277
List the prime factors of 2768470.
2, 5, 276847
What are the prime factors of 29323097?
89, 329473
List the prime factors of 740481.
3, 7, 37, 953
What are the prime factors of 4521781?
11, 411071
What are the prime factors of 510437?
347, 1471
List the prime factors of 2049841.
71, 28871
List the prime factors of 587150.
2, 5, 11743
What are the prime factors of 452487?
3, 7, 29, 743
What are the prime factors of 10241879?
53, 193243
List the prime factors of 5920557.
3, 1973519
What are the prime factors of 707415?
3, 5, 47161
List the prime factors of 20463804.
2, 3, 568439
List the prime factors of 5353745.
5, 107, 10007
List the prime factors of 1000100.
2, 5, 73, 137
List the prime factors of 25104.
2, 3, 523
What are the prime factors of 11026663?
41, 131, 2053
List the prime factors of 141257.
141257
List the prime factors of 21015.
3, 5, 467
List the prime factors of 813971.
813971
What are the prime factors of 119434?
2, 7, 19, 449
What are the prime factors of 92045?
5, 41, 449
What are the prime factors of 1021512?
2, 3, 31, 1373
What are the prime factors of 150453?
3, 73, 229
List the prime factors of 3529851.
3, 13, 29, 3121
What are the prime factors of 675554?
2, 11, 30707
List the prime factors of 18207843.
3, 167, 36343
List the prime factors of 1703073.
3, 37, 67, 229
What are the prime factors of 7473226?
2, 3736613
List the prime factors of 17335.
5, 3467
What are the prime factors of 308027?
308027
List the prime factors of 15318274.
2, 7659137
List the prime factors of 876417.
3, 389, 751
What are the prime factors of 24660962?
2, 29, 425189
List the prime factors of 388731.
3, 7, 107, 173
List the prime factors of 870022.
2, 233, 1867
What are the prime factors of 629418?
2, 3, 23, 4561
What are the prime factors of 1721551?
13, 151, 877
What are the prime factors of 13261882?
2, 1249, 5309
List the prime factors of 1966505.
5, 393301
List the prime factors of 873563.
19, 23, 1999
What are the prime factors of 8307913?
8307913
What are the prime factors of 5308126?
2, 199, 13337
List the prime factors of 20317256.
2, 2539657
What are the prime factors of 6501238?
2, 3250619
What are the prime factors of 29797030?
2, 5, 157, 18979
What are the prime factors of 3948010?
2, 5, 11, 19, 1889
List the prime factors of 650011.
650011
What are the prime factors of 4886608?
2, 305413
What are the prime factors of 243179?
23, 97, 109
What are the prime factors of 581599?
581599
List the prime factors of 315314.
2, 37, 4261
What are the prime factors of 632190?
2, 3, 5, 13, 1621
List the prime factors of 792291.
3, 79, 3343
List the prime factors of 544542.
2, 3, 47, 1931
List the prime factors of 161299.
23, 7013
List the prime factors of 253946.
2, 7, 11, 17, 97
What are the prime factors of 545975?
5, 21839
List the prime factors of 1046661.
3, 7, 11, 23, 197
List the prime factors of 1948306.
2, 983, 991
What are the prime factors of 4278875?
5, 34231
List the prime factors of 605248.
2, 7, 193
List the prime factors of 110192.
2, 71, 97
What are the prime factors of 16325400?
2, 3, 5, 7, 13, 23
What are the prime factors of 23785015?
5, 131, 36313
What are the prime factors of 624991?
31, 20161
What are the prime factors of 5112708?
2, 3, 199, 2141
What are the prime factors of 1559104?
2, 17, 1433
What are the prime factors of 1107265?
5, 221453
What are the prime factors of 640450?
2, 5, 12809
List the prime factors of 4574793.
3, 1524931
List the prime factors of 1891066.
2, 457, 2069
What are the prime factors of 15168085?
5, 71, 42727
What are the prime factors of 9285229?
41, 53, 4273
List the prime factors of 2481460.
2, 5, 53, 2341
What are the prime factors of 3936298?
2, 1968149
What are the prime factors of 3230914?
2, 37, 43661
List the prime factors of 173287.
149, 1163
What are the prime factors of 10220?
2, 5, 7, 73
List the prime factors of 17628718.
2, 23, 409, 937
List the prime factors of 1845395.
5, 369079
What are the prime factors of 4398428?
2, 23, 47809
List the prime factors of 4586816.
2, 13, 37, 149
List the prime factors of 26240384.
2, 17, 31, 389
What are the prime factors of 236739?
3, 23, 47, 73
List the prime factors of 544125.
3, 5, 1451
List the prime factors of 13679587.
31, 137, 3221
List the prime factors of 669044.
2, 167261
What are the prime factors of 5708899?
7, 23, 59, 601
What are the prime factors of 238403?
11, 21673
What are the prime factors of 234887?
31, 7577
What are the prime factors of 522977?
7, 13, 821
What are the prime factors of 6262556?
2, 263, 5953
List the prime factors of 104334.
2, 3, 17389
What are the prime factors of 2763575?
5, 110543
List the prime factors of 94080.
2, 3, 5, 7
What are the prime factors of 2133599?
13, 41, 4003
What are the prime factors of 1054880?
2, 5, 19, 347
List the prime factors of 10173581.
11, 924871
What are the prime factors of 435279?
3, 13, 11161
List the prime factors of 146365.
5, 73, 401
List the prime factors of 6664936.
2, 833117
List the prime factors of 1114486.
2, 17, 32779
List the prime factors of 2944792.
2, 368099
What are the prime factors of 5664778?
2, 7, 239, 1693
List the prime factors of 2325575.
5, 7, 97, 137
What are the prime factors of 3542511?
3, 7, 17, 9923
What are the prime factors of 4797130?
2, 5, 13, 36901
List the prime factors of 236697.
3,